uppose -6 + k = 7*s. Let g(q) = -q**2 - 2*q - 1. Give g(s).
-16
Let t(b) be the third derivative of -b**5/60 - b**4/6 - 7*b**3/6 - 13*b**2 - 3*b. Give t(-6).
-19
Let p(y) = 2*y - 1 - 7*y - 2*y + 1 - 2. Let m(k) = -3*k**3 + 1. Let t be m(1). Give p(t).
12
Let p(j) = -9 - 71*j**2 + 2*j - j**3 - 76*j**2 + 231*j**2 + 2*j**3 - 71*j**2. Give p(-13).
-35
Let b(m) be the first derivative of -m**4/4 + 7*m**3/3 - 2*m**2 - 5*m - 48. Give b(5).
25
Let f = 46 - 44. Let o(a) = 0 + a**f + 0*a**2 + 1 - 4. What is o(3)?
6
Let i(f) = -f**2 - 3*f + 4. Let n be (10/(-4))/(1/2). Let m be i(n). Let w(h) = 94*h**3 - 46*h**3 + h - 47*h**3 + 1 + 6*h**2. Give w(m).
-5
Let z(p) be the second derivative of -p**7/840 + p**6/72 - 5*p**4/24 + 2*p**3 + 9*p. Let d(y) be the second derivative of z(y). What is d(5)?
-5
Let a(h) = -13*h - 7 - 8*h + 41*h - 19*h - 7*h**2 - h**3. What is a(-7)?
-14
Let j(v) = -v**2 + 5*v - 2. Let t(s) = 124*s**2 - 7*s + 8. Let h be t(1). Let k = -120 + h. Give j(k).
-2
Let t(q) be the third derivative of -q**4/24 + q**2. Suppose 34*y - 42 = 40*y. Let a be ((-2)/(-1))/(y/21). Determine t(a).
6
Let n(d) = -d + 10. Let a be n(8). Let m(s) = -s**a + 1 - 4 + 4 - s. Let x be (-15)/((-75)/(-10)) + (2 - 3). Give m(x).
-5
Let t(x) = -x + 5. Suppose p + 31*d = 36*d - 8, -p - 3*d = -16. Calculate t(p).
-2
Let x be (-2 + 1 - -2)/((-8)/(-48)). Let g(j) = j**3 - 7*j**2 + 9*j - 1. Calculate g(x).
17
Let c be 0 + -4 - (-2 + -1). Let d be (c + -1)*(-399)/14. Let q be d/(-9) - (-4)/(-6). Let n(j) = -j - 8. Determine n(q).
-1
Let u(z) = z + z - z**3 + 12 + 9*z**2 - 4*z. Suppose 69 + 30 = 11*y. Calculate u(y).
-6
Let c = -114 + 115. Let g(u) = 4*u**2 + 6*u + 4. Let z(q) = -q**2 - q - 1. Let p(n) = -g(n) - 5*z(n). Give p(c).
1
Let d(q) = -q**3 - 7*q**2 - 3*q - 1. Let k be d(-7). Suppose 0 = 18*t - k*t + 10. Let w(i) = -3 + i**2 + 6 + 1 - 4*i. Give w(t).
9
Let p(y) = y + 2 - 4 + 7 - 4 + 6. Let s(g) = g**3 + 3*g**2 - 4*g - 5. Let v be s(-4). What is p(v)?
2
Let p(g) = -g**3 + 19*g**2 - 27*g + 166. Let q be p(18). Let o(i) be the second derivative of -6*i + 0 - 1/4*i**q - 1/20*i**5 + i**2 + 1/3*i**3. Determine o(2).
-14
Let r(i) be the third derivative of i**5/120 + 5*i**4/24 - 17*i**3/6 + 47*i**2. Let d(a) be the first derivative of r(a). What is d(-7)?
-2
Let p(l) = -l + 6. Suppose 3*r - 9 = 0, 2*o + r + 4*r = 15. Suppose o = -3*v + 2 + 7. Suppose -v*j + 15 = t, 3 - 9 = 2*t. Determine p(j).
0
Let x(i) = 55284 + 55286 + 2*i**2 - i - 110571. Let f(y) = -y**3 - 4*y**2 - 4*y - 2. Let d be f(-2). Give x(d).
9
Let q(k) = -6*k - 195. Let o be q(-32). Let p(i) be the first derivative of 2*i**3/3 + 3*i**2/2 - i - 9. Calculate p(o).
8
Let g(c) = -7*c**2 - 9*c**2 + 15*c**2 + 4 + 6*c. Suppose -7*y + 47 = 5. Give g(y).
4
Let o = 79 + -84. Let y(s) = s + 2*s**3 - s**3 + 7*s**2 - 2*s**2. Determine y(o).
-5
Let o(c) = 15*c + 25 - 56 + 32. Suppose 0 = -x - 2*x + 3. Give o(x).
16
Let h(g) = g**3 - g**2 - 4*g + 2. Suppose 0*n + n = -3, 0 = 2*m + 3*n - 147. Let z be (-6)/(-15) - m/(-30). Determine h(z).
8
Suppose 2*w = -2*d + 278, 2*w + 4 = -0*w. Let v(o) = 8 - d*o - o**2 + 141*o - o**3. What is v(0)?
8
Let x be -5 + 1 - (-1)/2*6. Let t(h) = -3*h. Determine t(x).
3
Let p(l) = 0*l**2 - 6*l**2 - 12 + 4*l**2 - 9*l + l**2. Let a = 313 + -321. Calculate p(a).
-4
Let u = 3 + 2. Let g(c) = 3*c**2 - 3*c - 2. Let a(z) = -z**2 - z - 1. Let w(v) = -2*a(v) - g(v). Give w(u).
4
Let q(y) be the first derivative of y**7/840 + 7*y**6/360 - y**5/15 - 5*y**4/12 + 6*y**3 - 33. Let f(t) be the third derivative of q(t). Give f(-8).
-10
Let m(s) be the first derivative of -s**4/4 - 7*s**3/3 - 7*s**2/2 - 2*s + 475. Calculate m(-6).
4
Let a = 313 + -311. Let t(y) = -11*y - 1. Determine t(a).
-23
Let j(y) = 1 + 8*y**2 + y - 4*y + y. Let z(k) be the first derivative of -k**3/3 + 11*k**2/2 - 23*k + 3. Let n be z(3). Calculate j(n).
7
Let l be (-50)/(-15)*(-3)/2. Let i = 10 + l. Let f(u) = u**2 - 6*u + 5. Determine f(i).
0
Let q(j) be the second derivative of j**6/720 + j**5/12 + 35*j**4/12 - j - 5. Let y(u) be the third derivative of q(u). Determine y(-8).
2
Let o(a) = -a**2 + 8*a - 2. Let l(p) = -p + 27. Suppose 0 = -2*k - 2*n + n + 47, 0 = k + 3*n - 36. Let y be l(k). Determine o(y).
10
Let t(u) be the second derivative of -u**7/840 + u**6/60 + u**5/120 - 7*u**4/24 - 2*u**3 - 24*u. Let y(i) be the second derivative of t(i). What is y(6)?
-1
Let g(w) = -353 + 177 + 180 - 5*w - 2*w**2. What is g(-4)?
-8
Suppose -2*k + 15 = 3*k. Let w(j) = 4*j**2 - 9 + j**2 + j**k + 16. Calculate w(-5).
7
Suppose 100 = -26*w + w. Let x(d) = -14*d + 23. Let g(u) = -5*u + 8. Let c(q) = -17*g(q) + 6*x(q). What is c(w)?
-2
Let r(d) be the second derivative of 2*d**4/3 + d**3/3 - d**2 + 3*d + 40. Determine r(2).
34
Suppose 0 = -3*z - 5 + 11. Let v = z + -7. Let d = 10 + v. Let q(s) = -2*s + 4. Determine q(d).
-6
Let v(z) = -4*z + 1. Suppose 6 = 5*o + 1, 4*o + 20 = 4*h. Suppose 2*p = -5*c + 6, 0*c = -2*p + c - h. Give v(p).
9
Let m = -12 - -13. Let j = m + -6. Let o be 1*5/(j/(-3)). Let f(p) = -p**2 + p + 2. Calculate f(o).
-4
Let f(g) = -g**3 - g**2 + 3. Let n(y) = y**2 - 7*y + 12. Let l be n(3). Determine f(l).
3
Let q(d) = -d**3 + 3*d**2 + 3. Let j be q(3). Let u(s) = s + 5. Let b(v) = 1. Let i(w) = j*b(w) - u(w). Suppose -2*p + 6 = -3*p, o - 5*p = 29. What is i(o)?
-1
Let g(x) be the second derivative of 6*x + 0 - 1/24*x**4 - x**3 - 1/15*x**5 + 0*x**2. Let s(w) be the second derivative of g(w). What is s(-1)?
7
Let q(u) = 52 - u + 50 + 54 - 160. What is q(-6)?
2
Let b(f) be the third derivative of -f**4/8 + f**3/6 + 95*f**2. Suppose 2*t = 3*x + 6, 3*x + 5 = -t - 1. Give b(x).
7
Let o = -13 + 15. Let b(s) = -o*s**3 + 2 + 4*s**2 + 30*s - 24*s - 3 + s**3. Determine b(5).
4
Let x(p) = 2*p**3 - 39 - p**3 + 3*p - 5*p - 9*p**2 + 7*p**2 + 40. Give x(2).
-3
Let f(h) = h**3 + 9*h**2 - 13*h - 30. Let c be f(-10). Let r(v) = v**3 - v**2 - v + 9. Calculate r(c).
9
Suppose 3*p + 4*m = -14, -p - 6*m - 8 = -4*m. Let n(r) be the first derivative of -3*r**2 + 3*r - 4. Determine n(p).
-9
Let g = -60 + 97. Let k = g + -29. Let c(p) = -p + 4*p - 9 + k. Calculate c(4).
11
Suppose -12 = -4*n - 4, 3*n + 24 = 2*d. Let b be 12/d - -3 - (-1)/5. Let p(k) = 2*k**2 - 2*k - 2. Determine p(b).
22
Let m(l) = 7*l**3 - 8*l**2 + 13*l + 3. Let a(c) = -c**3 - c - 1. Let i(y) = 6*a(y) + m(y). What is i(7)?
-3
Suppose 0 = -5*m - 0 - 40. Let v(u) = u**3 + 8*u**2 - u - 4. Let o be v(m). Let n(f) = 11 - 3*f - f**3 - 1 - 2 + f**2 + o*f. What is n(0)?
8
Let v(r) = r**3 + 4*r**2 - 13*r - 2. Let k be v(-6). Suppose 0 = 4*q + q - 10. Let g(a) = -a - k*a**2 - 1 + 8*a**2 - 5*a**q + 2. Give g(0).
1
Suppose -5*o = -o + 12. Let d(a) be the first derivative of -a**4/4 - 5*a**3/3 - 2*a**2 - a + 350. Give d(o).
-7
Suppose -5*z + 14 = 6*s - 5*s, -z = 5*s + 26. Let h(i) = -3*i - 21. Give h(s).
-3
Suppose -3*h + 0*w - 5*w + 110 = 0, 2*h - 72 = -2*w. Let p be (-6)/9 - h/15. Let v(k) = k + 1. Calculate v(p).
-2
Let g(q) be the third derivative of q**6/120 - q**5/6 + q**4/12 + 5*q**3/3 + 38*q**2. What is g(10)?
30
Let b(h) = h**2 - 18*h + 28. Let x = 176 + -160. Give b(x).
-4
Suppose 2*m = -m + 21. Let d(c) = c**2 - 9*c + 9. What is d(m)?
-5
Suppose -38*q + 117 - 3 = 0. Let o(h) = h**2 - 4*h + 3. What is o(q)?
0
Let s(j) = 2*j**2 - 2*j - 4. Let l(m) = -m**2 - 11*m + 3. Let h be l(-11). Suppose 5*i - 3*d - 21 = 0, -d - h = -i + 2. Give s(i).
8
Let g(d) be the second derivative of -d**4/12 + 2*d**3/3 + 3*d**2/2 - 151*d. Let f(a) = a**2 - 5*a - 8. Let r be f(7). What is g(r)?
-9
Let s be 3/(-3) + (-1 - 1). Let w(z) be the first derivative of -z**2 + 2*z + 278. Determine w(s).
8
Let n be 0 - -2 - (-2)/(-1). Suppose f + 2*f - 3*g - 15 = n, 0 = -4*f - 3*g - 1. Let w(c) = -4*c**2 - c**2 + 3*c**2 + 5*c - 3 - 2*c**f - c**3. Give w(-5).
-3
Let p(i) = i**3 + 9*i**2 - 9*i + 1. Suppose -3*r - 2*k - 22 = 0, 7*r - k + 54 = 2*r. What is p(r)?
-9
Suppose -j + r + 1 = -2*j, -r - 13 = 3*j. Let f(q) be the third derivative of -q**4/8 - 3*q**3/2 - 12*q**2. What is f(j)?
9
Let v = 22 - 19. Suppose -1 = -5*x + g + 13, -v*x = 5*g + 14. Let u(d) = -2*d**2 + 0*d**x - d**2. Give u(-1).
-3
Let o = 2 + -2. Suppose -4*d + p + 5 = -0*p, o = -2*d + 3*p - 5. Let c(f) be the first derivative of -f**2/2 - f + 390. Calculate c